{"id":3246,"date":"2022-05-19T17:04:25","date_gmt":"2022-05-19T15:04:25","guid":{"rendered":"https:\/\/alt.reportageschule.de\/?page_id=3246"},"modified":"2023-12-14T11:23:44","modified_gmt":"2023-12-14T10:23:44","slug":"workshops-fuer-schuelerzeitungsredakteure","status":"publish","type":"page","link":"https:\/\/alt.reportageschule.de\/index.php\/workshops-fuer-schuelerzeitungsredakteure\/","title":{"rendered":"Workshops f\u00fcr Sch\u00fclerzeitungsredakteure"},"content":{"rendered":"\t\t<div data-elementor-type=\"wp-page\" data-elementor-id=\"3246\" class=\"elementor elementor-3246\">\n\t\t\t\t\t\t<section class=\"elementor-section elementor-top-section elementor-element elementor-element-39a59fd elementor-section-full_width elementor-section-height-default elementor-section-height-default\" data-id=\"39a59fd\" data-element_type=\"section\">\n\t\t\t\t\t\t<div class=\"elementor-container elementor-column-gap-default\">\n\t\t\t\t\t<div class=\"elementor-column elementor-col-100 elementor-top-column elementor-element elementor-element-f74a12a\" data-id=\"f74a12a\" data-element_type=\"column\">\n\t\t\t<div class=\"elementor-widget-wrap\">\n\t\t\t\t\t\t\t<\/div>\n\t\t<\/div>\n\t\t\t\t\t<\/div>\n\t\t<\/section>\n\t\t\t\t<section class=\"elementor-section elementor-top-section elementor-element elementor-element-e8111cb elementor-section-boxed elementor-section-height-default elementor-section-height-default\" data-id=\"e8111cb\" data-element_type=\"section\">\n\t\t\t\t\t\t<div class=\"elementor-container elementor-column-gap-default\">\n\t\t\t\t\t<div class=\"elementor-column elementor-col-100 elementor-top-column elementor-element elementor-element-077d2fb\" data-id=\"077d2fb\" data-element_type=\"column\">\n\t\t\t<div class=\"elementor-widget-wrap elementor-element-populated\">\n\t\t\t\t\t\t<div class=\"elementor-element elementor-element-0ee6062 elementor-widget elementor-widget-heading\" data-id=\"0ee6062\" data-element_type=\"widget\" data-widget_type=\"heading.default\">\n\t\t\t\t<div class=\"elementor-widget-container\">\n\t\t\t<h1 class=\"elementor-heading-title elementor-size-xxl\">Hier schreiben die Journalistinnen<br>\nund Journalisten von morgen:\n\n <\/h1>\t\t<\/div>\n\t\t\t\t<\/div>\n\t\t\t\t\t<\/div>\n\t\t<\/div>\n\t\t\t\t\t<\/div>\n\t\t<\/section>\n\t\t\t\t<section class=\"elementor-section elementor-top-section elementor-element elementor-element-b207048 elementor-section-boxed elementor-section-height-default elementor-section-height-default\" data-id=\"b207048\" data-element_type=\"section\">\n\t\t\t\t\t\t<div class=\"elementor-container elementor-column-gap-default\">\n\t\t\t\t\t<div class=\"elementor-column elementor-col-33 elementor-top-column elementor-element elementor-element-e520088\" data-id=\"e520088\" data-element_type=\"column\">\n\t\t\t<div class=\"elementor-widget-wrap elementor-element-populated\">\n\t\t\t\t\t\t<div class=\"elementor-element elementor-element-440a68e elementor-widget elementor-widget-image\" data-id=\"440a68e\" data-element_type=\"widget\" data-widget_type=\"image.default\">\n\t\t\t\t<div class=\"elementor-widget-container\">\n\t\t\t\t\t\t\t\t\t\t\t\t\t<img decoding=\"async\" src=\"https:\/\/alt.reportageschule.de\/wp-content\/uploads\/2022\/05\/stresemann.jpg\" title=\"stresemann\" alt=\"stresemann\" loading=\"lazy\" \/>\t\t\t\t\t\t\t\t\t\t\t\t\t<\/div>\n\t\t\t\t<\/div>\n\t\t\t\t\t<\/div>\n\t\t<\/div>\n\t\t\t\t<div class=\"elementor-column elementor-col-33 elementor-top-column elementor-element elementor-element-87d532a\" data-id=\"87d532a\" data-element_type=\"column\">\n\t\t\t<div class=\"elementor-widget-wrap elementor-element-populated\">\n\t\t\t\t\t\t<div class=\"elementor-element elementor-element-0a1d7ba elementor-widget elementor-widget-image\" data-id=\"0a1d7ba\" data-element_type=\"widget\" data-widget_type=\"image.default\">\n\t\t\t\t<div class=\"elementor-widget-container\">\n\t\t\t\t\t\t\t\t\t\t\t\t\t<img decoding=\"async\" src=\"https:\/\/alt.reportageschule.de\/wp-content\/uploads\/2022\/05\/talsperre.jpg\" title=\"talsperre\" alt=\"talsperre\" loading=\"lazy\" \/>\t\t\t\t\t\t\t\t\t\t\t\t\t<\/div>\n\t\t\t\t<\/div>\n\t\t\t\t\t<\/div>\n\t\t<\/div>\n\t\t\t\t<div class=\"elementor-column elementor-col-33 elementor-top-column elementor-element elementor-element-17806f1\" data-id=\"17806f1\" data-element_type=\"column\">\n\t\t\t<div class=\"elementor-widget-wrap elementor-element-populated\">\n\t\t\t\t\t\t<div class=\"elementor-element elementor-element-01c8edb elementor-widget elementor-widget-image\" data-id=\"01c8edb\" data-element_type=\"widget\" data-widget_type=\"image.default\">\n\t\t\t\t<div class=\"elementor-widget-container\">\n\t\t\t\t\t\t\t\t\t\t\t\t\t<img decoding=\"async\" src=\"https:\/\/alt.reportageschule.de\/wp-content\/uploads\/elementor\/thumbs\/procon-pp9wmd2atwu9bw08hkq2jdkzg07cyjuucd7ddiu6jk.jpg\" title=\"procon\" alt=\"procon\" loading=\"lazy\" \/>\t\t\t\t\t\t\t\t\t\t\t\t\t<\/div>\n\t\t\t\t<\/div>\n\t\t\t\t\t<\/div>\n\t\t<\/div>\n\t\t\t\t\t<\/div>\n\t\t<\/section>\n\t\t\t\t<section class=\"elementor-section elementor-top-section elementor-element elementor-element-3ec9198 elementor-section-boxed elementor-section-height-default elementor-section-height-default\" data-id=\"3ec9198\" data-element_type=\"section\">\n\t\t\t\t\t\t<div class=\"elementor-container elementor-column-gap-default\">\n\t\t\t\t\t<div class=\"elementor-column elementor-col-33 elementor-top-column elementor-element elementor-element-730d94f\" data-id=\"730d94f\" data-element_type=\"column\">\n\t\t\t<div class=\"elementor-widget-wrap elementor-element-populated\">\n\t\t\t\t\t\t<div class=\"elementor-element elementor-element-7bdba54 elementor-widget elementor-widget-image\" data-id=\"7bdba54\" data-element_type=\"widget\" data-widget_type=\"image.default\">\n\t\t\t\t<div class=\"elementor-widget-container\">\n\t\t\t\t\t\t\t\t\t\t\t\t\t<img decoding=\"async\" src=\"https:\/\/alt.reportageschule.de\/wp-content\/uploads\/elementor\/thumbs\/lehrzeile-pp9wnm6jxyk0t66p6485v273yi0z80tyikioesza8w.jpg\" title=\"lehrzeile\" alt=\"lehrzeile\" loading=\"lazy\" \/>\t\t\t\t\t\t\t\t\t\t\t\t\t<\/div>\n\t\t\t\t<\/div>\n\t\t\t\t\t<\/div>\n\t\t<\/div>\n\t\t\t\t<div class=\"elementor-column elementor-col-33 elementor-top-column elementor-element elementor-element-84a7309\" data-id=\"84a7309\" data-element_type=\"column\">\n\t\t\t<div class=\"elementor-widget-wrap elementor-element-populated\">\n\t\t\t\t\t\t<div class=\"elementor-element elementor-element-4b232b6 elementor-widget elementor-widget-image\" data-id=\"4b232b6\" data-element_type=\"widget\" data-widget_type=\"image.default\">\n\t\t\t\t<div class=\"elementor-widget-container\">\n\t\t\t\t\t\t\t\t\t\t\t\t\t<img decoding=\"async\" src=\"https:\/\/alt.reportageschule.de\/wp-content\/uploads\/elementor\/thumbs\/peiler-pp9wons3jbzhpko32kh8mspjpwvnrwz7zqm3lvfjc0.jpg\" title=\"peiler\" alt=\"peiler\" loading=\"lazy\" \/>\t\t\t\t\t\t\t\t\t\t\t\t\t<\/div>\n\t\t\t\t<\/div>\n\t\t\t\t\t<\/div>\n\t\t<\/div>\n\t\t\t\t<div class=\"elementor-column elementor-col-33 elementor-top-column elementor-element elementor-element-9832395\" data-id=\"9832395\" data-element_type=\"column\">\n\t\t\t<div class=\"elementor-widget-wrap elementor-element-populated\">\n\t\t\t\t\t\t<div class=\"elementor-element elementor-element-dcccd7f elementor-widget elementor-widget-image\" data-id=\"dcccd7f\" data-element_type=\"widget\" data-widget_type=\"image.default\">\n\t\t\t\t<div class=\"elementor-widget-container\">\n\t\t\t\t\t\t\t\t\t\t\t\t\t<img decoding=\"async\" src=\"https:\/\/alt.reportageschule.de\/wp-content\/uploads\/2022\/05\/elche.jpg\" title=\"elche\" alt=\"elche\" loading=\"lazy\" \/>\t\t\t\t\t\t\t\t\t\t\t\t\t<\/div>\n\t\t\t\t<\/div>\n\t\t\t\t\t<\/div>\n\t\t<\/div>\n\t\t\t\t\t<\/div>\n\t\t<\/section>\n\t\t\t\t<section class=\"elementor-section elementor-top-section elementor-element elementor-element-49f2d69 elementor-section-boxed elementor-section-height-default elementor-section-height-default\" data-id=\"49f2d69\" data-element_type=\"section\">\n\t\t\t\t\t\t<div class=\"elementor-container elementor-column-gap-default\">\n\t\t\t\t\t<div class=\"elementor-column elementor-col-100 elementor-top-column elementor-element elementor-element-0b6f23c\" data-id=\"0b6f23c\" data-element_type=\"column\">\n\t\t\t<div class=\"elementor-widget-wrap elementor-element-populated\">\n\t\t\t\t\t\t<div class=\"elementor-element elementor-element-f6b444d elementor-widget elementor-widget-text-editor\" data-id=\"f6b444d\" data-element_type=\"widget\" data-widget_type=\"text-editor.default\">\n\t\t\t\t<div class=\"elementor-widget-container\">\n\t\t\t\t\t\t\t<p>\u00a0<\/p><p>Das sind einige der Sch\u00fclerzeitungen aus Baden-W\u00fcrttemberg, deren Redakteur:innen wir unterst\u00fctzen.<\/p><p>In unseren Workshops zeigen wir ihnen:<\/p><ul><li>wie sie interessantere Themen finden<\/li><li>wie sie bessere Interviews f\u00fchren<\/li><li>wie sie gr\u00fcndlicher recherchieren<\/li><li>wie sie ihre Sch\u00fclerzeitung ins Netz bringen<\/li><li>wie sie ein eleganteres Layout machen<\/li><li>wie sie Fake News erkennen<\/li><li>dass Journalismus kein Beruf wie jeder andere ist<\/li><li>dass eine starke vierte Gewalt eine S\u00e4ule der Demokratie ist.<\/li><\/ul>\t\t\t\t\t\t<\/div>\n\t\t\t\t<\/div>\n\t\t\t\t\t<\/div>\n\t\t<\/div>\n\t\t\t\t\t<\/div>\n\t\t<\/section>\n\t\t\t\t<section class=\"elementor-section elementor-top-section elementor-element elementor-element-31926d6 elementor-section-boxed elementor-section-height-default elementor-section-height-default\" data-id=\"31926d6\" data-element_type=\"section\">\n\t\t\t\t\t\t<div class=\"elementor-container elementor-column-gap-default\">\n\t\t\t\t\t<div class=\"elementor-column elementor-col-100 elementor-top-column elementor-element elementor-element-3dc624f\" data-id=\"3dc624f\" data-element_type=\"column\">\n\t\t\t<div class=\"elementor-widget-wrap elementor-element-populated\">\n\t\t\t\t\t\t<div class=\"elementor-element elementor-element-bb8953f elementor-widget elementor-widget-text-editor\" data-id=\"bb8953f\" data-element_type=\"widget\" data-widget_type=\"text-editor.default\">\n\t\t\t\t<div class=\"elementor-widget-container\">\n\t\t\t\t\t\t\t<p><\/p>\n<p>Es begann im Winter 2020. Damals machte das Kultusministerium in Stuttgart die ersten beiden Workshops m\u00f6glich. Sie fanden per Zoom statt, mit jeweils \u00fcber 20 begeisterten Teilnehmerinnen und Teilnehmern.<\/p>\n<p>Mai 2022: Der erste Sch\u00fclerzeitungworkshop in Pr\u00e4senz, im Haus auf der Alb in Bad Urach. Inzwischen laufen regelm\u00e4\u00dfig im Fr\u00fchjahr und im Herbst Workshops f\u00fcr Redakteur*innen und im Oktober einer f\u00fcr Betreuungslehrer. Hier einige Impressionen:<\/p>\t\t\t\t\t\t<\/div>\n\t\t\t\t<\/div>\n\t\t\t\t\t<\/div>\n\t\t<\/div>\n\t\t\t\t\t<\/div>\n\t\t<\/section>\n\t\t\t\t<section class=\"elementor-section elementor-top-section elementor-element elementor-element-4c207d2 elementor-section-boxed elementor-section-height-default elementor-section-height-default\" data-id=\"4c207d2\" data-element_type=\"section\">\n\t\t\t\t\t\t<div class=\"elementor-container elementor-column-gap-default\">\n\t\t\t\t\t<div class=\"elementor-column elementor-col-33 elementor-top-column elementor-element elementor-element-eae3348\" data-id=\"eae3348\" data-element_type=\"column\">\n\t\t\t<div class=\"elementor-widget-wrap elementor-element-populated\">\n\t\t\t\t\t\t<div class=\"elementor-element elementor-element-4907b78 elementor-widget elementor-widget-image\" data-id=\"4907b78\" data-element_type=\"widget\" data-widget_type=\"image.default\">\n\t\t\t\t<div class=\"elementor-widget-container\">\n\t\t\t\t\t\t\t\t\t\t\t\t\t<img fetchpriority=\"high\" decoding=\"async\" width=\"300\" height=\"200\" src=\"https:\/\/alt.reportageschule.de\/wp-content\/uploads\/2022\/05\/3930_IAG_0465_5000x3333-300x200.jpg\" class=\"attachment-medium size-medium wp-image-3279\" alt=\"\" srcset=\"https:\/\/alt.reportageschule.de\/wp-content\/uploads\/2022\/05\/3930_IAG_0465_5000x3333-300x200.jpg 300w, https:\/\/alt.reportageschule.de\/wp-content\/uploads\/2022\/05\/3930_IAG_0465_5000x3333-1024x683.jpg 1024w, https:\/\/alt.reportageschule.de\/wp-content\/uploads\/2022\/05\/3930_IAG_0465_5000x3333-768x512.jpg 768w, https:\/\/alt.reportageschule.de\/wp-content\/uploads\/2022\/05\/3930_IAG_0465_5000x3333-1536x1024.jpg 1536w, https:\/\/alt.reportageschule.de\/wp-content\/uploads\/2022\/05\/3930_IAG_0465_5000x3333-2048x1365.jpg 2048w, https:\/\/alt.reportageschule.de\/wp-content\/uploads\/2022\/05\/3930_IAG_0465_5000x3333-scaled-e1652974794208.jpg 450w\" sizes=\"(max-width: 300px) 100vw, 300px\" \/>\t\t\t\t\t\t\t\t\t\t\t\t\t<\/div>\n\t\t\t\t<\/div>\n\t\t\t\t\t<\/div>\n\t\t<\/div>\n\t\t\t\t<div class=\"elementor-column elementor-col-33 elementor-top-column elementor-element elementor-element-9c3e405\" data-id=\"9c3e405\" data-element_type=\"column\">\n\t\t\t<div class=\"elementor-widget-wrap elementor-element-populated\">\n\t\t\t\t\t\t<div class=\"elementor-element elementor-element-13c28ae elementor-widget elementor-widget-image\" data-id=\"13c28ae\" data-element_type=\"widget\" data-widget_type=\"image.default\">\n\t\t\t\t<div class=\"elementor-widget-container\">\n\t\t\t\t\t\t\t\t\t\t\t\t\t<img decoding=\"async\" width=\"300\" height=\"200\" src=\"https:\/\/alt.reportageschule.de\/wp-content\/uploads\/2022\/05\/3890_IAG_0394_5000x3333-300x200.jpg\" class=\"attachment-medium size-medium wp-image-3274\" alt=\"\" srcset=\"https:\/\/alt.reportageschule.de\/wp-content\/uploads\/2022\/05\/3890_IAG_0394_5000x3333-300x200.jpg 300w, https:\/\/alt.reportageschule.de\/wp-content\/uploads\/2022\/05\/3890_IAG_0394_5000x3333-1024x683.jpg 1024w, https:\/\/alt.reportageschule.de\/wp-content\/uploads\/2022\/05\/3890_IAG_0394_5000x3333-768x512.jpg 768w, https:\/\/alt.reportageschule.de\/wp-content\/uploads\/2022\/05\/3890_IAG_0394_5000x3333-1536x1024.jpg 1536w, https:\/\/alt.reportageschule.de\/wp-content\/uploads\/2022\/05\/3890_IAG_0394_5000x3333-2048x1365.jpg 2048w, https:\/\/alt.reportageschule.de\/wp-content\/uploads\/2022\/05\/3890_IAG_0394_5000x3333-scaled-e1652974381199.jpg 450w\" sizes=\"(max-width: 300px) 100vw, 300px\" \/>\t\t\t\t\t\t\t\t\t\t\t\t\t<\/div>\n\t\t\t\t<\/div>\n\t\t\t\t\t<\/div>\n\t\t<\/div>\n\t\t\t\t<div class=\"elementor-column elementor-col-33 elementor-top-column elementor-element elementor-element-033f527\" data-id=\"033f527\" data-element_type=\"column\">\n\t\t\t<div class=\"elementor-widget-wrap elementor-element-populated\">\n\t\t\t\t\t\t<div class=\"elementor-element elementor-element-42273cf elementor-widget elementor-widget-image\" data-id=\"42273cf\" data-element_type=\"widget\" data-widget_type=\"image.default\">\n\t\t\t\t<div class=\"elementor-widget-container\">\n\t\t\t\t\t\t\t\t\t\t\t\t\t<img decoding=\"async\" width=\"300\" height=\"200\" src=\"https:\/\/alt.reportageschule.de\/wp-content\/uploads\/2022\/05\/3886_IAG_0388_5000x3333-300x200.jpg\" class=\"attachment-medium size-medium wp-image-3273\" alt=\"\" srcset=\"https:\/\/alt.reportageschule.de\/wp-content\/uploads\/2022\/05\/3886_IAG_0388_5000x3333-300x200.jpg 300w, https:\/\/alt.reportageschule.de\/wp-content\/uploads\/2022\/05\/3886_IAG_0388_5000x3333-1024x683.jpg 1024w, https:\/\/alt.reportageschule.de\/wp-content\/uploads\/2022\/05\/3886_IAG_0388_5000x3333-768x512.jpg 768w, https:\/\/alt.reportageschule.de\/wp-content\/uploads\/2022\/05\/3886_IAG_0388_5000x3333-1536x1024.jpg 1536w, https:\/\/alt.reportageschule.de\/wp-content\/uploads\/2022\/05\/3886_IAG_0388_5000x3333-2048x1365.jpg 2048w, https:\/\/alt.reportageschule.de\/wp-content\/uploads\/2022\/05\/3886_IAG_0388_5000x3333-scaled-e1652974289934.jpg 450w\" sizes=\"(max-width: 300px) 100vw, 300px\" \/>\t\t\t\t\t\t\t\t\t\t\t\t\t<\/div>\n\t\t\t\t<\/div>\n\t\t\t\t\t<\/div>\n\t\t<\/div>\n\t\t\t\t\t<\/div>\n\t\t<\/section>\n\t\t\t\t<section class=\"elementor-section elementor-top-section elementor-element elementor-element-4d01bad elementor-section-boxed elementor-section-height-default elementor-section-height-default\" data-id=\"4d01bad\" data-element_type=\"section\">\n\t\t\t\t\t\t<div class=\"elementor-container elementor-column-gap-default\">\n\t\t\t\t\t<div class=\"elementor-column elementor-col-33 elementor-top-column elementor-element elementor-element-42be2ca\" data-id=\"42be2ca\" data-element_type=\"column\">\n\t\t\t<div class=\"elementor-widget-wrap elementor-element-populated\">\n\t\t\t\t\t\t<div class=\"elementor-element elementor-element-151c3a5 elementor-widget elementor-widget-image\" data-id=\"151c3a5\" data-element_type=\"widget\" data-widget_type=\"image.default\">\n\t\t\t\t<div class=\"elementor-widget-container\">\n\t\t\t\t\t\t\t\t\t\t\t\t\t<img loading=\"lazy\" decoding=\"async\" width=\"300\" height=\"200\" src=\"https:\/\/alt.reportageschule.de\/wp-content\/uploads\/2022\/05\/3900_IAG_0409_5000x3333-300x200.jpg\" class=\"attachment-medium size-medium wp-image-3276\" alt=\"\" srcset=\"https:\/\/alt.reportageschule.de\/wp-content\/uploads\/2022\/05\/3900_IAG_0409_5000x3333-300x200.jpg 300w, https:\/\/alt.reportageschule.de\/wp-content\/uploads\/2022\/05\/3900_IAG_0409_5000x3333-1024x683.jpg 1024w, https:\/\/alt.reportageschule.de\/wp-content\/uploads\/2022\/05\/3900_IAG_0409_5000x3333-768x512.jpg 768w, https:\/\/alt.reportageschule.de\/wp-content\/uploads\/2022\/05\/3900_IAG_0409_5000x3333-1536x1024.jpg 1536w, https:\/\/alt.reportageschule.de\/wp-content\/uploads\/2022\/05\/3900_IAG_0409_5000x3333-2048x1365.jpg 2048w, https:\/\/alt.reportageschule.de\/wp-content\/uploads\/2022\/05\/3900_IAG_0409_5000x3333-scaled-e1652974488361.jpg 450w\" sizes=\"(max-width: 300px) 100vw, 300px\" \/>\t\t\t\t\t\t\t\t\t\t\t\t\t<\/div>\n\t\t\t\t<\/div>\n\t\t\t\t\t<\/div>\n\t\t<\/div>\n\t\t\t\t<div class=\"elementor-column elementor-col-33 elementor-top-column elementor-element elementor-element-1a7de8e\" data-id=\"1a7de8e\" data-element_type=\"column\">\n\t\t\t<div class=\"elementor-widget-wrap elementor-element-populated\">\n\t\t\t\t\t\t<div class=\"elementor-element elementor-element-756c44a elementor-widget elementor-widget-image\" data-id=\"756c44a\" data-element_type=\"widget\" data-widget_type=\"image.default\">\n\t\t\t\t<div class=\"elementor-widget-container\">\n\t\t\t\t\t\t\t\t\t\t\t\t\t<img loading=\"lazy\" decoding=\"async\" width=\"300\" height=\"200\" src=\"https:\/\/alt.reportageschule.de\/wp-content\/uploads\/2022\/05\/3918_IAG_0445_5000x3333-300x200.jpg\" class=\"attachment-medium size-medium wp-image-3280\" alt=\"\" srcset=\"https:\/\/alt.reportageschule.de\/wp-content\/uploads\/2022\/05\/3918_IAG_0445_5000x3333-300x200.jpg 300w, https:\/\/alt.reportageschule.de\/wp-content\/uploads\/2022\/05\/3918_IAG_0445_5000x3333-1024x683.jpg 1024w, https:\/\/alt.reportageschule.de\/wp-content\/uploads\/2022\/05\/3918_IAG_0445_5000x3333-768x512.jpg 768w, https:\/\/alt.reportageschule.de\/wp-content\/uploads\/2022\/05\/3918_IAG_0445_5000x3333-1536x1024.jpg 1536w, https:\/\/alt.reportageschule.de\/wp-content\/uploads\/2022\/05\/3918_IAG_0445_5000x3333-2048x1365.jpg 2048w, https:\/\/alt.reportageschule.de\/wp-content\/uploads\/2022\/05\/3918_IAG_0445_5000x3333-scaled-e1652974945896.jpg 450w\" sizes=\"(max-width: 300px) 100vw, 300px\" \/>\t\t\t\t\t\t\t\t\t\t\t\t\t<\/div>\n\t\t\t\t<\/div>\n\t\t\t\t\t<\/div>\n\t\t<\/div>\n\t\t\t\t<div class=\"elementor-column elementor-col-33 elementor-top-column elementor-element elementor-element-9fb205b\" data-id=\"9fb205b\" data-element_type=\"column\">\n\t\t\t<div class=\"elementor-widget-wrap elementor-element-populated\">\n\t\t\t\t\t\t<div class=\"elementor-element elementor-element-5fb88eb elementor-widget elementor-widget-image\" data-id=\"5fb88eb\" data-element_type=\"widget\" data-widget_type=\"image.default\">\n\t\t\t\t<div class=\"elementor-widget-container\">\n\t\t\t\t\t\t\t\t\t\t\t\t\t<img loading=\"lazy\" decoding=\"async\" width=\"300\" height=\"225\" src=\"https:\/\/alt.reportageschule.de\/wp-content\/uploads\/2022\/05\/IMG_20220430_204229-300x225.jpg\" class=\"attachment-medium size-medium wp-image-3282\" alt=\"\" srcset=\"https:\/\/alt.reportageschule.de\/wp-content\/uploads\/2022\/05\/IMG_20220430_204229-300x225.jpg 300w, https:\/\/alt.reportageschule.de\/wp-content\/uploads\/2022\/05\/IMG_20220430_204229-1024x768.jpg 1024w, https:\/\/alt.reportageschule.de\/wp-content\/uploads\/2022\/05\/IMG_20220430_204229-768x576.jpg 768w, https:\/\/alt.reportageschule.de\/wp-content\/uploads\/2022\/05\/IMG_20220430_204229-1536x1152.jpg 1536w, https:\/\/alt.reportageschule.de\/wp-content\/uploads\/2022\/05\/IMG_20220430_204229-2048x1536.jpg 2048w, https:\/\/alt.reportageschule.de\/wp-content\/uploads\/2022\/05\/IMG_20220430_204229-scaled-e1652975195592.jpg 400w\" sizes=\"(max-width: 300px) 100vw, 300px\" \/>\t\t\t\t\t\t\t\t\t\t\t\t\t<\/div>\n\t\t\t\t<\/div>\n\t\t\t\t\t<\/div>\n\t\t<\/div>\n\t\t\t\t\t<\/div>\n\t\t<\/section>\n\t\t\t\t<section class=\"elementor-section elementor-top-section elementor-element elementor-element-dbf192a elementor-section-boxed elementor-section-height-default elementor-section-height-default\" data-id=\"dbf192a\" data-element_type=\"section\">\n\t\t\t\t\t\t<div class=\"elementor-container elementor-column-gap-default\">\n\t\t\t\t\t<div class=\"elementor-column elementor-col-100 elementor-top-column elementor-element elementor-element-25b2cdb\" data-id=\"25b2cdb\" data-element_type=\"column\">\n\t\t\t<div class=\"elementor-widget-wrap elementor-element-populated\">\n\t\t\t\t\t\t<div class=\"elementor-element elementor-element-79b9060 elementor-widget elementor-widget-text-editor\" data-id=\"79b9060\" data-element_type=\"widget\" data-widget_type=\"text-editor.default\">\n\t\t\t\t<div class=\"elementor-widget-container\">\n\t\t\t\t\t\t\t<p>Und es geht weiter, dieses in Deutschland einmalige Ausbildungsprojekt. Bei dem engagierte Sch\u00fclerinnen und Sch\u00fcler von Medienprofis lernen, wie guter Journalismus funktioniert. In keinem anderen Bundesland kooperiert eine Journalistenschule mit den Sch\u00fclerzeitungen des Landes.<\/p><p>Erm\u00f6glicht wird dieses Projekt von drei starken Partnern:<\/p><p>&#8211; dem Kultusministerium mit Regierungsdirektor <a href=\"https:\/\/km-bw.de\/site\/pbs-bw-km-root\/get\/documents_E824611780\/KULTUS.Dachmandant\/KULTUS\/KM-Homepage\/Publikationen%202020\/Schuelerinfo%20fuer%20gewaehlte%20Schuelervertreter%202020_2021_web.pdf\">Stefan Sodtke<\/a><\/p><p>&#8211; der Landeszentrale f\u00fcr politische Bildung mit <a href=\"https:\/\/www.lpb-tuebingen.de\/kontakt?tx_ttaddress_listview%5Baction%5D=show&amp;tx_ttaddress_listview%5Baddress%5D=2673001&amp;tx_ttaddress_listview%5Bcontroller%5D=Address&amp;cHash=27226ec5d194ea68a77ac0b026551c36\">Anja Meitner<\/a><\/p><p>&#8211; der Reportageschule mit Schulleiter <a href=\"https:\/\/de.wikipedia.org\/wiki\/Ariel_Hauptmeier\">Ariel Hauptmeier<\/a>, Gesch\u00e4ftsf\u00fchrer <a href=\"https:\/\/vhsrt.de\/Kontakt\/importTeilnehmer_52d3bc412de26.html\">Ulrich Bausch <\/a>und <a href=\"https:\/\/www.uta-micaela-duerig.de\/\">Uta-Micaela D\u00fcrig<\/a>, der Vorsitzenden des Kuratoriums (von der die Initiative ausging f\u00fcr dieses Projekt).<\/p>\t\t\t\t\t\t<\/div>\n\t\t\t\t<\/div>\n\t\t\t\t\t<\/div>\n\t\t<\/div>\n\t\t\t\t\t<\/div>\n\t\t<\/section>\n\t\t\t\t<\/div>\n\t\t","protected":false},"excerpt":{"rendered":"<p>Home Wir waren der 18. Lehrgang Wir waren der 17. Lehrgang Wir waren der 16. Lehrgang Wir waren der 15. Lehrgang Leseliste Go-Magazine Reporterreisen Kuratorium Masterclass Workshops f\u00fcr Sch\u00fclerzeitungsredakteure Hier schreiben die Journalistinnen und Journalisten von morgen: \u00a0 Das sind einige der Sch\u00fclerzeitungen aus Baden-W\u00fcrttemberg, deren Redakteur:innen wir unterst\u00fctzen. In unseren Workshops zeigen wir ihnen: [&hellip;]<\/p>\n","protected":false},"author":4,"featured_media":0,"parent":0,"menu_order":0,"comment_status":"closed","ping_status":"closed","template":"","meta":{"footnotes":""},"_links":{"self":[{"href":"https:\/\/alt.reportageschule.de\/index.php\/wp-json\/wp\/v2\/pages\/3246"}],"collection":[{"href":"https:\/\/alt.reportageschule.de\/index.php\/wp-json\/wp\/v2\/pages"}],"about":[{"href":"https:\/\/alt.reportageschule.de\/index.php\/wp-json\/wp\/v2\/types\/page"}],"author":[{"embeddable":true,"href":"https:\/\/alt.reportageschule.de\/index.php\/wp-json\/wp\/v2\/users\/4"}],"replies":[{"embeddable":true,"href":"https:\/\/alt.reportageschule.de\/index.php\/wp-json\/wp\/v2\/comments?post=3246"}],"version-history":[{"count":101,"href":"https:\/\/alt.reportageschule.de\/index.php\/wp-json\/wp\/v2\/pages\/3246\/revisions"}],"predecessor-version":[{"id":3981,"href":"https:\/\/alt.reportageschule.de\/index.php\/wp-json\/wp\/v2\/pages\/3246\/revisions\/3981"}],"wp:attachment":[{"href":"https:\/\/alt.reportageschule.de\/index.php\/wp-json\/wp\/v2\/media?parent=3246"}],"curies":[{"name":"wp","href":"https:\/\/api.w.org\/{rel}","templated":true}]}}